 4*l. What are the prime factors of l?
5, 13
Suppose 5*c + 4*x - 78 = 0, 4*c - 3*x - 9 = 41. Let u be 6/42 - (-68)/c. Suppose 142 = -2*j + 4*j - 5*o, -163 = -3*j - u*o. List the prime factors of j.
61
Suppose 2*x - 5*t + 12 = -0*t, 4*t = 5*x - 4. Suppose -35 = -x*i - 11. Let k = 140 + i. What are the prime factors of k?
2, 73
Let f be (-1 + 4)*136/51. Suppose f*c - 2328 = 728. List the prime factors of c.
2, 191
Suppose 4 = 4*i - 4*c, 0*c + 12 = 4*i + 4*c. Suppose 21 - i = h. Let f(l) = 9*l - 20. What are the prime factors of f(h)?
151
Let h = 31414 - 12566. List the prime factors of h.
2, 19, 31
What are the prime factors of (-2 - (-7)/(-7)) + 2*4872?
3, 17, 191
Let j(d) = -9 - d**2 - 463*d + 471*d + 0*d**2. Let x be j(6). Suppose -x*y + 89 = 5*i, 67 = -0*i + 3*i - 5*y. List the prime factors of i.
19
Let d = -8447 + 9252. What are the prime factors of d?
5, 7, 23
What are the prime factors of ((-6549)/21)/((-8)/56)?
37, 59
Suppose -4*l + 3 - 8 = 3*k, 2*l = -5*k - 13. Let o(w) = 630*w - 23. What are the prime factors of o(l)?
607
Suppose 5*x = -55*y + 52*y + 2039, 3*y - 3*x = 2007. Suppose -5*s - 108 + y = 0. What are the prime factors of s?
113
Suppose 4*z - b = -4*b + 966, 0 = 3*z - 5*b - 739. Let a = z + -241. What are the prime factors of a?
2
Let l(n) = -157*n + 458. List the prime factors of l(-8).
2, 857
Let i(w) = 13*w - 2. Let d(f) = -14*f + 1. Let o(m) = 2*d(m) + 3*i(m). Let a(c) = -c**3 + 5*c**2 + 21*c - 47. Let h be a(7). List the prime factors of o(h).
2, 3
Suppose -4*u + 0 = 8. Let k be -300*5/20*u. Suppose -4*s - 34 = -k. What are the prime factors of s?
29
Let h be (20/25)/(-4 + 94290/23575). Let k = -976 - h. What are the prime factors of k?
2, 5, 7, 13
Let n(w) = 1184*w + 496. List the prime factors of n(5).
2, 401
Let p = 417 + 93. Suppose 5*t + 5*x - p = 0, 2*x = -2*t + 3*x + 195. Let w = t + -92. What are the prime factors of w?
7
Suppose 61*b - 1515831 - 1452142 = -632649. List the prime factors of b.
2, 17, 563
Suppose 19*k = 18*k + 4*c - 303, -4*c - 1272 = 4*k. Let q = k - -749. List the prime factors of q.
2, 7, 31
Suppose 2*k + 0 = 6. Let m be (-4)/(k/(-2) - (-1 - 1)). List the prime factors of 42/56 + 2/m*-53.
2, 7
Suppose -3*c + 3*i + 342 + 648 = 0, -3*i = 3*c - 990. Let k = -187 + c. What are the prime factors of k?
11, 13
Let x = 1304 + 14211. List the prime factors of x.
5, 29, 107
Suppose -15*q = -24*q - 2637 + 130977. What are the prime factors of q?
2, 5, 23, 31
Suppose 0 = 243*i + 91*i - 5083814. What are the prime factors of i?
31, 491
Let f = 81 - 80. Suppose -3 = -y + b, 3*b + f = y + y. List the prime factors of (-18)/12*y/(-6).
2
Suppose 0 = -5*w + 80 - 25. Suppose -760 = s - w*s. Suppose s*x + 270 = 77*x. What are the prime factors of x?
2, 3, 5
Let s be 16 - ((-10)/4 - (-3)/(-2)). Suppose -16 = 2*p - s. Suppose -4*j + 205 = c, j - p*j - c = -49. What are the prime factors of j?
2, 13
Let i(t) be the second derivative of -3*t**6/80 - 9*t**5/40 + 11*t**4/12 - 19*t. Let c(b) be the third derivative of i(b). List the prime factors of c(-4).
3
Let i = 19 - -31. Let j = i + -53. List the prime factors of ((-356)/(-16))/(j/12)*-2.
2, 89
Suppose 333 = -11*x + 586. Suppose -1694 = -4*l + 18*o - x*o, o + 1261 = 3*l. List the prime factors of l.
421
List the prime factors of (3 - (-54)/(-15)) + (-93646)/(-10).
2, 2341
Let o(r) = -3*r**2 - 17*r + 15. Let h be o(-8). Let k = h - -44. Suppose -4*n + 712 = -k*y, -y - y + 8 = 0. List the prime factors of n.
181
Let z = -102 - -104. Let g be 55/15 - z/3. Suppose -2*s = 2*p + g*s - 125, -s - 66 = -p. What are the prime factors of p?
5, 13
Suppose 55*n + 7305552 = 298*n. List the prime factors of n.
2, 1879
Suppose 5*q + 11*q - 256 = 0. List the prime factors of 1 - (-5130)/q - 174/(-464).
2, 7, 23
Suppose -7292*j = -7265*j - 1369548. List the prime factors of j.
2, 3, 1409
Let w = 341 + 144. Let b = w + -270. List the prime factors of b.
5, 43
Suppose -4*x + 61*l - 59*l = -18616, 0 = -5*x + l + 23264. List the prime factors of x.
2, 1163
Let l be -8*(10/2)/10. Let t be 2/6 + -2*l/3. Suppose 0 = -5*p + 3*m - 8*m + 610, t*p - m - 358 = 0. What are the prime factors of p?
2, 3, 5
Let l = 42155 - 25086. What are the prime factors of l?
13, 101
Suppose 3*h + 5*f = 160196, -2*h + 32483 + 74277 = -2*f. What are the prime factors of h?
197, 271
Let p(r) = -75*r**3 + 47*r**2 + 308*r - 17. List the prime factors of p(-6).
11, 31, 47
Suppose -4*q + 512 + 152 = 0. Let x = -914 + 923. Suppose -4*y + 109 = 3*w - x, y = 5*w - q. What are the prime factors of w?
2, 17
Suppose 2*s + 8 = 2*o, -3*s + 17 = 3*o - s. Suppose 1447 = 3*b - 5*y + 303, o*b - 5*y = 1920. List the prime factors of b.
2, 97
Let h be 4/6 - ((-131700)/(-18))/(-5). Suppose 2*p + h = 10*p. What are the prime factors of p?
3, 61
Let x be (4/(-8))/(15/(-118890)). Suppose 22*n - 943 = x. What are the prime factors of n?
223
Let m = 28297 + -2689. What are the prime factors of m?
2, 3, 11, 97
Suppose -8*u = -3*u - 15. Let g(n) be the first derivative of 2*n**3 - n**2/2 + 5*n + 10. List the prime factors of g(u).
2, 7
Let k be 0 + -8 + 5 + 13. What are the prime factors of (k + -6 - 2)*3068/8?
13, 59
Suppose 2*c - 37013 = -0*d - d, -c + 20*d + 18568 = 0. List the prime factors of c.
2, 7, 661
Let b(t) = 22*t + 85. Suppose -2*o = 8, -8 = -2*y - 5*o + 6. List the prime factors of b(y).
3, 17
Suppose -23*u + 27*u + 3*z - 4381 = 0, u - 3*z - 1084 = 0. List the prime factors of u.
1093
Suppose 3*k + 5*j - 190 = -k, -k + 5*j = -60. Let q = -49 + k. Let x(g) = 90*g**3 + g**2. What are the prime factors of x(q)?
7, 13
Let h(s) = 223*s**2 + s - 4. Let l be h(-2). Let k = -256 + l. What are the prime factors of k?
2, 3, 5, 7
Let d be 19*(-3 - -1 - -1). Suppose -188 = b - 248. Let r = b + d. What are the prime factors of r?
41
Let w(c) = 20*c - 11. Let d(b) be the third derivative of -19*b**4/24 + 5*b**3/3 - 3*b**2. Let q(p) = -5*d(p) - 4*w(p). List the prime factors of q(5).
3, 23
Let p = -3753 + 2388. Let c = p + 2645. List the prime factors of c.
2, 5
Let f = 12913 + -5909. What are the prime factors of f?
2, 17, 103
Let r(x) = 3*x + 24 + 0*x - 3*x**2 + x**2 - 18*x**3 - x - 4*x. What are the prime factors of r(-4)?
2, 3
Suppose 2*c - 6 = 0, -3*j = -4*j - c + 75. Suppose -2*o = -546 + j. What are the prime factors of o?
3, 79
Suppose 1 = 3*g - 11. Suppose g*u - 4*s - 1348 = 0, 833 = 4*u - 3*s - 516. What are the prime factors of u?
2, 13
Suppose -3*n = -5*w - 0*n + 912, w - 5*n - 178 = 0. Suppose 302*h - 33 = 291*h. Suppose -18 - w = -h*z. What are the prime factors of z?
67
Let z = 83 + -78. Suppose 3*u = 6*u + a - 4149, 0 = -4*u + z*a + 5551. What are the prime factors of u?
2, 173
Suppose 2901 = s + 2*g - 2538, 2*g = 4. What are the prime factors of s?
5, 1087
Let o be -6*(-4 + (-5)/30*-15). Let p(n) = 4*n - 8 + 14 + 22*n - 9. What are the prime factors of p(o)?
3, 7, 11
Suppose 0 = -147*s + 16*s + 1210178. List the prime factors of s.
2, 31, 149
Suppose 5*i - 2*a - 225 = 0, -3*a = 3*i - 2*a - 146. Let s = -44 + i. Suppose 7*j - 172 = 3*j + s*u, 5*j = -4*u + 246. List the prime factors of j.
2, 23
Suppose 4*l + 181 = 633. Suppose 322*w = 324*w + 150. Let q = w + l. List the prime factors of q.
2, 19
Suppose -25*m + 4*m = -50631. Suppose 5*k - 217 = y - 1034, -m = -3*y - 5*k. List the prime factors of y.
3, 269
Let n(m) = 327*m**2 - 2129*m - 9. What are the prime factors of n(-11)?
71, 887
Suppose -52415 = -295*k + 262*k + 1206403. List the prime factors of k.
2, 19073
Let d = 16953 + -9779. What are the prime factors of d?
2, 17, 211
Let w(l) = l**3 + 3*l**2 - 66*l + 19. Let b(q) = -q**3 - 5*q**2 + 66*q - 19. Let y(p) = -4*b(p) - 5*w(p). List the prime factors of y(-10).
821
Suppose -24796 = -2*k + 4*a, 46*k = 45*k - a + 12386. Suppose -17*h + k = -13552. List the prime factors of h.
2, 7, 109
Let p(r) = r**3 + 2*r**2 + r + 1. Let k(a) = 3*a**3 + 19*a**2 + 47*a - 20. Let z(w) = -k(w) + 2*p(w). List the prime factors of z(-14).
2, 3, 19
What are the prime factors of (108/(-60) - -3)/((-4)/(-43590))?
3, 1453
Let z(g) = -g**3 - 3*g + 2. Let v be z(1). List the prime factors of (50/(-6))/(v/108).
2, 3, 5
Let y = 9856 - -50811. List the prime factors of y.
19, 31, 103
Let s(y) be the first derivative of y**4/4 + 4*y**3 - 29*y**2